*3 + 4*f**2 + 2*f + 39. Calculate the remainder when 68 is divided by u(p).
20
Suppose 32*q + 4554 = 38*q. What is the remainder when q is divided by 3?
0
Suppose 18 = 2*p + 10. Suppose -2 = p*c - 14. Suppose 229 - 5 = c*g - 5*s, 4*s + 16 = 0. Calculate the remainder when g is divided by 23.
22
Let v(d) = 105*d**3 + 783. Calculate the remainder when v(0) is divided by 31.
8
Suppose -903 = -16*y - 39*z + 34*z, 6*y + 2*z - 338 = 0. Let v be (-72 + 1)/((-1)/4). Let f = 571 - v. Calculate the remainder when f is divided by y.
55
Suppose -4*g + 71 + 45 = 0. Suppose 0 = -4*h + 257 + 187. What is the remainder when h is divided by g?
24
Let d(b) = -7*b + b**2 - 25 + 261*b**3 + 26*b - 262*b**3 + 11*b**2 - 2*b**2. What is the remainder when 314 is divided by d(11)?
62
Let b = -12 - -28. Let d = 1611 - 1601. What is the remainder when b is divided by d?
6
Suppose -13*m + 8*m - 20 = 0, -3*o + 3*m = 45. Calculate the remainder when 356 is divided by (o + 25)/(21/18 - 1).
32
Let t(n) = n**3 + 9*n**2 - 4*n - 4. Let d be t(-6). Let l = d + -72. Calculate the remainder when 557 is divided by l.
53
Suppose -10 = -5*w, 0 = 2*p + 2*w + 2 - 12. Suppose -7*b = -10*b - 12. Let h(t) = -5*t - 15. Calculate the remainder when h(b) is divided by p.
2
Let f = 2628 - -7955. What is the remainder when f is divided by 189?
188
Suppose -2*u = -4*u + 112. Suppose -29 = -5*v + u. Calculate the remainder when 2/12*-2 + (-3920)/(-60) is divided by v.
14
Let i be 92/(-14) + (-8)/(-14). Let a be i/(-48) + 46/16. Suppose -a*d + 6*d = 189. What is the remainder when d is divided by 33?
30
Suppose -5*g - 3*y = -2058, 108*y - 3 = 105*y. Calculate the remainder when 411 is divided by g.
0
Let j(b) = 617*b + 4324. Calculate the remainder when 32 is divided by j(-7).
2
Let z(r) = -3*r**3 + 258*r**2 + 262*r - 69. Let h = 36 + -11. Calculate the remainder when h is divided by z(87).
7
Calculate the remainder when 129 is divided by 1/((4/42)/(880/770)).
9
Let s be (-238)/14*(0 + 27)/(-3). Let i = 281 - s. Suppose -37 = 3*p - 4*k - 173, 4*p = k + 177. What is the remainder when i is divided by p?
40
Suppose -3*p = -4*k - 96, 19*p - 64 = 17*p + 5*k. What is the remainder when 542 is divided by p?
30
What is the remainder when 753 is divided by 3*(752/18 + 5/(90/4))?
123
Suppose 15*g = -g - 909 + 3181. What is the remainder when g is divided by 15?
7
Let b = -52 - 79. Let t = b - -193. Calculate the remainder when t is divided by 16.
14
What is the remainder when (585/(-60) + 11)*348 is divided by 15?
0
Suppose 3*t - 9 = 0, 3*b = t + 55 + 41. Calculate the remainder when 87 is divided by b.
21
What is the remainder when 5224 is divided by (270/(-9))/((-16)/(-22))*(-52)/39?
54
Suppose -2*z + 152 = a - 141, -3*a - 5*z = -883. Calculate the remainder when a is divided by 52.
41
Let g = 179 + -61. Suppose 2*s - 106 = -4*d, -s + 3*s + g = 4*d. Calculate the remainder when 47/3 - (3 - d/12) is divided by 1.
0
Suppose -20*w = 2702 - 42. Let k = -104 - w. Suppose 0 = -7*v + 3*v - 4*n, 3*v = 3*n + 24. What is the remainder when k is divided by v?
1
Let u = -16585 - -16619. What is the remainder when 6730 is divided by u?
32
Let s = 39 - 21. Suppose x + 4*w = -21, 6*x - 4*x + 5*w = -30. What is the remainder when s is divided by 10 + 6*x/5?
2
Let u(c) = c**3 + 18*c**2 + 25*c + 103. What is the remainder when u(-7) is divided by 79?
72
Let a = 106 - -26. Let f = 169 - a. What is the remainder when 142 is divided by f?
31
Let v be ((-129)/(-2))/((-7)/(-14)). Let s be (-10)/2*v/(-15). Suppose 28 = -3*f + s. Calculate the remainder when 18 is divided by f.
3
Suppose 5*j - 3*j - 3*o = -607, 4*j = -2*o - 1222. Let v = j + 174. Let y = v - -176. What is the remainder when y is divided by 26?
19
Suppose -175 = -5*b - 5*r, -4*b + 38 = -2*r - 102. Suppose -30 = -3*o - c, -5*o + 3*c = -4 - 46. What is the remainder when b is divided by o?
5
Let i = 4720 - 1549. What is the remainder when i is divided by 52?
51
Let p = 9 - -98. Let a = p + 23. What is the remainder when a is divided by 19?
16
Suppose 0 = -p - 4*v + 116, -2*p + 247 = -34*v + 37*v. Calculate the remainder when p is divided by 19.
14
Calculate the remainder when (1/2)/((-9541)/15910 + (-27)/(-45)) is divided by 79.
11
Suppose -43 = -x + 5*i, -5*i = -7*i - 8. Suppose -x*v + 1316 = -455. Calculate the remainder when v is divided by 9.
5
Let k(v) = 20*v**3 - 7*v**2 + 7*v - 1. Calculate the remainder when 92 is divided by k(1).
16
Let d be (3 - -1 - (-5 - -13)) + 5. Let z(s) = 142*s**3 + s - 1. Let a be z(d). Let u = a + -33. What is the remainder when u is divided by 16?
13
Suppose -2*g - 34*k + 676 = -35*k, -4*k = -g + 324. Calculate the remainder when 1033 is divided by g.
13
Let y = 18 + -15. Let k(q) = -2*q**2 - 2*q**y - q**2 + 6*q - 2 - 4*q. Calculate the remainder when 55 is divided by k(-3).
17
What is the remainder when (3/(-2))/3 + (-236895)/(-102) + -19 is divided by 27?
8
Let q be (3 - (-45)/(-10))/(27/(-72)). Let j = -1 + 1. Suppose -q*x - 4*w - 15 + 147 = j, x = w + 31. What is the remainder when x is divided by 18?
14
What is the remainder when 2662 is divided by (-4*(-5)/80)/((-42)/(-5208))?
27
Let d = -102339 + 102348. What is the remainder when 617*1 - (-2 - 0) is divided by d?
7
Let t = -7940 - -8081. Calculate the remainder when t is divided by 71/4 + 2/8.
15
Let f(k) = -k**2 - 4*k + 7. Let p be f(-5). Suppose 2*s - 32 = -4*h, -h + 0*h + 2*s - p = 0. Calculate the remainder when 71 is divided by h.
5
What is the remainder when 360531/243 + ((-14)/3 - -3) is divided by 464?
90
Suppose -4585*f = -4588*f + 1002. Calculate the remainder when f is divided by 168.
166
Let w(f) = f**2 - 7*f - 88. Let y be (12/9)/(2/3). Suppose -4*b + 86 - 3 = 3*g, 2*g - 54 = -y*b. Calculate the remainder when g is divided by w(14).
5
Let g(t) = -17 - 9*t - 25 + 55 - 23. Let i = -10 + 24. What is the remainder when g(-5) is divided by i?
7
Let n(f) = 11*f**2 - 62*f - 557. Calculate the remainder when n(-12) is divided by 260.
211
Suppose -279 - 177 = -6*t. Calculate the remainder when 1778 is divided by t.
30
Suppose 0 = -13*t + 81 - 29. Let f(a) = -3*a + 27. Let h be f(t). Suppose h*s = 553 + 1007. Calculate the remainder when s is divided by 35.
34
Let x = 1542 - 1509. What is the remainder when 473 is divided by x?
11
Suppose -3*z + 712 = 2*q, -949 = -25*z + 21*z - 3*q. What is the remainder when z is divided by 6?
4
Let x = 927 - 202. Suppose x = -4*u + 97. Let d = -74 - u. Calculate the remainder when d is divided by 17.
15
Let p = -1213 - -4070. Calculate the remainder when p is divided by 44.
41
Let l = -154 - -156. Suppose 5*j = l*y + 337, -4*j + 391 = 4*y + 99. Calculate the remainder when j is divided by 26.
17
Let t = 72 - 66. Suppose 2*c + t = 56. Suppose 6*w - w = c. What is the remainder when w is divided by 3?
2
Suppose 0 = 5*u - 6*u + 3. Suppose -u*j - 4*f + 11*f + 115 = 0, 5*j - 4*f - 207 = 0. What is the remainder when 243 is divided by j?
28
Suppose -2*q - 161 = -3*q. Calculate the remainder when q is divided by 3*(-68 + 70)*27/2.
80
Let t(d) = -d**2 - 13*d + 8. Let l(c) = c**2 + 7*c - 8. Let h be l(-8). Calculate the remainder when t(-9) is divided by (25/3 + h)*3.
19
Suppose 2*z = 4*q + 54, 3*z = 143*q - 139*q + 85. Calculate the remainder when z is divided by 17.
14
Let i(d) = -16*d + 87. Let o be i(5). Suppose -o*c + 3*c + 5*v + 81 = 0, 0 = 4*c - 3*v - 79. Calculate the remainder when 241 is divided by c.
13
Let h be (13 - 3) + -4 + (-1 - 0). Suppose 0 = h*j, 4*x - 36 = 21*j - 25*j. What is the remainder when (5/4)/(1/28) is divided by x?
8
Suppose -3*k - 51 = -b, -5*b + 4*k = 5*k - 207. What is the remainder when 337 is divided by b?
1
Let y = 36 - -6. Let m(g) be the second derivative of -g**5/20 + 19*g**4/12 - 17*g**3/6 + 5*g**2/2 + 17*g. Calculate the remainder when y is divided by m(18).
19
Suppose 4918 + 1418 = 16*o. Calculate the remainder when o is divided by 20.
16
Let c(t) = 66*t**2 - 15*t - 4. Calculate the remainder when c(1) is divided by 11.
3
Suppose 2*y + 3*y = 285. Suppose 6364 = -25*m + 80*m + 4714. What is the remainder when y is divided by m?
27
Let k = -14449 + 14538. Calculate the remainder when 175 is divided by k.
86
Let t = 2143 + -370. What is the remainder when t is divided by 882?
9
Let q(c) = -8 + 5*c +